*m. What is the hundreds digit of w?
6
Suppose 21*z - 30*z = -16*z + 55272. What is the hundreds digit of z?
8
Let n(p) = -13*p**3 - p**2 - 11*p - 13. Let f be n(-6). Let b = f - 1675. What is the units digit of b?
0
Let a = 17 + -25. Let x = 12 + a. Suppose -q + f = 3*f - 104, x*q - 432 = -4*f. What is the tens digit of q?
1
Let f = 67 + -64. Let a(r) = r**3 - 2*r**2 - r - 9. Let l be a(f). What is the units digit of l/1*5*(-15 - -9)?
0
Let c be (2 - 0) + -1 - 663/(-39). Suppose -c*q + 22*q = 2236. What is the hundreds digit of q?
5
Let r(q) = 55*q + 2. Let v be r(2). Suppose 2*w + 5*z - 252 = 0, w + 0*w = z + v. Suppose -53 = -l + 4*y, 2*l - 3*y = -0*y + w. What is the units digit of l?
1
What is the units digit of 2/(-17) + (7 - (-7921000)/170)?
1
Let f(l) = 16*l**3 + 11*l**2 - 17*l + 28. What is the ten thousands digit of f(10)?
1
Let o be 0*2/(7/((-14)/4)). What is the tens digit of (o - 16/(-40)) + 2616/10?
6
What is the units digit of (-348)/24 + 14 - (-155534)/4?
3
Let x be 0 - (0/(-3) - 2) - -3. Suppose h + x = 2*h. Suppose 393 = 5*q - h*n - 252, 4*q + n = 536. What is the units digit of q?
3
Let t(g) = g**3 - 4*g**2 + 10*g - 6. Let r be t(3). Let q(c) = 43*c - 31. What is the hundreds digit of q(r)?
6
Let f be (2/6)/((-5)/140025*-5). Suppose f = 5*w + 137. Suppose 6*g - w = -64. What is the units digit of g?
7
Suppose 3*g + 21 = 3. Let m be (98/20 + g/15)*-8. What is the tens digit of (m/24)/(3/(-106))?
5
Let o(h) = h**3 + 19*h**2 + 19*h + 10. Let x be o(-18). What is the units digit of ((-6)/16 - (-1)/x)*-378?
9
Suppose -12*y = -34*y. What is the units digit of ((-804)/14 + y)/(15/(-105))?
2
Let m = -4908 + 2826. Let c = m - -3039. What is the hundreds digit of c?
9
What is the tens digit of ((-159093)/(-12) - 0) + 133/(-28) + 5?
5
Suppose m = -4*t + 175 - 18, -4*t + 159 = 3*m. Suppose 0*x + 20 = -2*o - 4*x, -28 = 2*o - 4*x. Let h = t - o. What is the tens digit of h?
5
Let i = -547 + 961. Suppose -17*k = -20*k + i. Suppose 4*b = 0, 3*b + k = -5*s + 648. What is the tens digit of s?
0
Let u(v) = -17913*v**3 + 23*v + 23. What is the thousands digit of u(-1)?
7
Suppose 7*j + 16 = 8*j. Suppose o + j = -v - 23, 80 = -2*v - 4*o. Let h = 15 - v. What is the units digit of h?
3
Let k be -3*10/(-3)*(-51)/(-6). Let c = 175 - k. Suppose 165 = -89*t + c*t. What is the tens digit of t?
6
Let l(j) = 3*j**2 - 16*j - 10. Let b = -492 + 477. What is the units digit of l(b)?
5
Let r = -132 - -151. Suppose -31*n + 6288 = -r*n. What is the tens digit of n?
2
What is the tens digit of (31*1/5)/((-98)/(-49490))?
3
Let u(t) = 8*t**2 - t**2 + t**2 - 9 - t**3 - 3*t. Let h(j) = -j**2 + 7*j - 5. Let q be h(2). What is the tens digit of u(q)?
5
Let w(d) = 2145*d**3 + 2*d**2 - 10*d + 6. What is the thousands digit of w(2)?
7
Let k be (-1696)/(-120) + (-4)/30 + -2. What is the hundreds digit of 2339/6 + 2/k?
3
Let y(a) be the third derivative of a**6/120 - 7*a**5/60 - 13*a**4/24 + 8*a**3/3 - a**2. Let c be (42/28)/(65/30 + -2). What is the units digit of y(c)?
1
Let p(a) = -6*a + 7. Let t = -54 + 46. Let c be p(t). Suppose -c*f + 49*f = -1722. What is the units digit of f?
7
Suppose -4*a = 5*i - 30, 3*a = 5*i + 25 + 15. Suppose -a*m + 12*m = 142. Let h = 15 + m. What is the units digit of h?
6
What is the ten thousands digit of 7/(-8*(-4)/(-144) - 3983/(-17883))?
1
Let z(x) = -x**3 - 24*x**2 - 45*x - 37. Let w be z(-22). What is the tens digit of (w - -15) + -3 + 178?
7
Suppose -f = -9*f + 712. Let i = f - 70. Suppose -20*p = -i*p - 110. What is the hundreds digit of p?
1
Let t = 27052 - 19229. What is the thousands digit of t?
7
Let q(d) be the second derivative of d**4 - 7*d**2 + 5/3*d**3 + 0 + 13*d. What is the units digit of q(3)?
4
Let g(y) be the second derivative of -23*y**3/6 - 25*y**2/2 + 39*y. What is the tens digit of g(-5)?
9
Suppose 48*u + 4*d = 47*u + 4673, -2*u - 3*d = -9321. What is the units digit of u?
3
Let n(p) = 2*p**2 - 7*p - 24. Let q be n(6). Let j(i) = 4*i + 54. What is the units digit of j(q)?
8
Suppose 6*r - 10*r + 2987 = 5*j, -605 = -j + 3*r. Suppose j = h - 48. What is the hundreds digit of h?
6
Let l be 18/12*10/1. Suppose -3*w = l - 6. What is the tens digit of (-732)/3*w/6?
2
Suppose 2*h + 16934 = u, -71232 = -4*u - 17*h - 3696. What is the hundreds digit of u?
9
Let f(b) = b**2 + 11*b + 32. Suppose 61 = -8*h + 21. Let p be f(h). What is the units digit of (-273*2/9)/(p/(-3))?
1
Let d(v) = -11*v**2 - 1157*v + 237. What is the hundreds digit of d(-105)?
4
Let d(s) = -9*s**2 + 41*s - 64. Let i be d(-12). Let z = -752 - i. What is the hundreds digit of z?
1
Suppose 0 = -9*r + 10*r + 42. Let j = r + 43. Let t = 17 - j. What is the tens digit of t?
1
Let a be (-78)/(-65)*10*149/4. Let j = a + 264. What is the hundreds digit of j?
7
Let f = 939 + -2371. Let y be f/(-14) + (-4)/14. Suppose -4*x + 418 = -y. What is the tens digit of x?
3
Let f(x) = 3 + 4 + 2 - 2*x - 2*x. What is the units digit of f(-21)?
3
Let u = 204980 + -106660. What is the hundreds digit of 3/8 - u/(-640)?
1
Let n = -33 - -40. Let s(j) = -j**3 - 2*j**2 - 2*j - 6. Let u be s(-4). Let b = n + u. What is the units digit of b?
1
Let r(f) = -29*f**3 - 4*f**2 - 14*f + 3. Let w be r(-3). Suppose j = -7*j + w. What is the tens digit of j?
9
Let v = 36788 - 25713. What is the ten thousands digit of v?
1
Let n(z) = 25*z + 232. Let m be n(12). Suppose 13*j - 12*j = m. What is the hundreds digit of j?
5
Let y = 910 + -888. Suppose -9660 - 86 = -y*j. What is the hundreds digit of j?
4
Let r be (22 - 1) + 16/(0 - 4). Let k = r + -10. What is the units digit of k?
7
Let b(c) = -3*c - 71. Let p be b(-20). What is the tens digit of p + 10 - (0 - 107)?
0
Suppose 0 = 5*o + 5*d - 10, -5 = d - 7. What is the tens digit of (1 + 558)*(o + (-1 - -2))?
5
Suppose -426355 = -53*k - 182073 + 304374. What is the thousands digit of k?
0
Let j = 20733 - 5752. What is the units digit of j?
1
Let o = 5106 + -4654. What is the units digit of o?
2
Suppose 5*q = t + 8, 2*t + 3*q + 2 + 1 = 0. Let m = 6 + t. What is the tens digit of ((-2)/4 + m)*26?
6
Let j(u) = 30*u**3 + 4*u**2 - 4*u - 6. Let a be j(3). Suppose -4*y + 3*p - a = -7*y, 0 = 4*y - p - 1099. What is the units digit of y?
5
Let x = 6 - 2. Suppose w - x*p = -2*w + 2, w + 5*p = -12. What is the units digit of (w/(24/(-423)))/((-3)/(-8))?
4
Let c(n) = -3*n**2 + 60*n**3 - 5*n**3 + 2*n**2 - 99*n**3. What is the units digit of c(-2)?
8
Let o(h) = h**3 - 3*h**2 - 5*h + 6. Let r be o(4). Suppose 0 = r*k + 6, -2*k + 6 = -u - 2*u. What is the units digit of -1*(2 + u/2) - -183?
3
Suppose 1509 = 3*f - 3*d, 2 = d - 3. Suppose f = -13*b + 4993. What is the hundreds digit of b?
3
Let x be (45/(-10))/(3/(-12)). Let q = 21 - x. Suppose 237 + 9 = q*z. What is the tens digit of z?
8
Let r(i) = -906*i - 4999. What is the tens digit of r(-12)?
7
Let v = -98 - 115. Let q = v - -551. What is the hundreds digit of q?
3
Suppose 7*w - 14635 = 105597. What is the units digit of w?
6
Let z(i) = -i**3 + 20*i**2 + 14*i + 39. Let n be (-134)/(-8) - 8/(-32). What is the units digit of z(n)?
4
What is the tens digit of (-188335)/(-14) + (-7 - (-65)/10)?
5
Suppose 0 = 4*z + 96 - 348. Let y = z - -140. What is the hundreds digit of y?
2
Let a = 250 - 238. Suppose 13*h = -a*h + 13525. What is the tens digit of h?
4
Let b be (-2)/9 + (-172920)/(-54). Let m = b + -1806. What is the thousands digit of m?
1
Suppose -2632 = -d - i, -d + 2642 = -246*i + 245*i. What is the thousands digit of d?
2
What is the tens digit of (-103 + 28/4)/(24/(-5312))?
4
Let b be 0 - (4 + -201)/1. Let i = -60 + b. Let s = -64 + i. What is the units digit of s?
3
Suppose 162*y = 363*y - 1094244. What is the tens digit of y?
4
Suppose s - 279 = -93. Let k = s - 74. What is the units digit of k?
2
What is the ten thousands digit of ((-141286)/123)/((-4)/(-10)*15/(-63))?
1
Suppose 4*h - 83*j - 240037 = -84*j, -4*h = -2*j - 240010. What is the ten thousands digit of h?
6
Let p = -255 + 261. Suppose -j + 1004 = 2*n, 2*j + n + 4061 = p*j. What is the units digit of j?
4
What is the tens digit of (-14 + 15)*(2 + 454)?
5
Let c be -246 - (4/22 - 42/(-11)). Let t = c + 607. What is the tens digit of t?
5
Suppose -39*l - 51*l = -50*l - 338280. What is the tens digit of l?
5
Let r be (6/8)/(255/(-2720)). Let 